{"id":10032,"date":"2022-08-10T09:44:29","date_gmt":"2022-08-10T14:44:29","guid":{"rendered":"https:\/\/basicas.utp.edu.co\/matematicas\/?page_id=10032"},"modified":"2025-10-31T13:43:34","modified_gmt":"2025-10-31T18:43:34","slug":"inscripciones","status":"publish","type":"page","link":"https:\/\/industrial.utp.edu.co\/maestria-investigacion-operativa\/inscripciones\/","title":{"rendered":"INSCRIPCIONES"},"content":{"rendered":"\n<p class=\"has-white-color has-text-color has-background has-link-color has-medium-font-size wp-elements-67136f2e2f2c99f1d75eef59de188b99\" style=\"background:linear-gradient(135deg,rgb(0,59,111) 0%,rgb(0,59,111) 53%,rgb(223,160,25) 100%)\"><strong>\u00bfC\u00f3mo se realiza la inscripci\u00f3n?&nbsp;<\/strong><\/p>\n\n\n\n<div class=\"wp-block-columns is-layout-flex wp-container-core-columns-is-layout-9d6595d7 wp-block-columns-is-layout-flex\">\n<div class=\"wp-block-column is-layout-flow wp-block-column-is-layout-flow\">\n<div class=\"wp-block-columns is-layout-flex wp-container-core-columns-is-layout-9d6595d7 wp-block-columns-is-layout-flex\">\n<div class=\"wp-block-column is-layout-flow wp-block-column-is-layout-flow\">\n<figure class=\"wp-block-image size-full\"><img loading=\"lazy\" decoding=\"async\" width=\"1080\" height=\"1080\" src=\"https:\/\/media2.utp.edu.co\/programas\/106\/Diseno-sin-titulo.png\" alt=\"\" class=\"wp-image-10805\"\/><\/figure>\n<\/div>\n\n\n\n<div class=\"wp-block-column is-layout-flow wp-block-column-is-layout-flow\">\n<p class=\"has-medium-font-size\"><strong>Realizar <a href=\"https:\/\/app4.utp.edu.co\/gtisi\/enrollments\/stepper-enrollment\" target=\"_blank\" rel=\"noreferrer noopener\">inscripci\u00f3n<\/a><\/strong><\/p>\n<\/div>\n<\/div>\n<\/div>\n\n\n\n<div class=\"wp-block-column is-layout-flow wp-block-column-is-layout-flow\">\n<p><span class=\"post-content__span\"> Desde cualquier parte del pa\u00eds donde se encuentre el aspirante, debe tener en cuenta:&nbsp;<\/p>\n\n\n\n<p><span class=\"post-content__span\"> 1. Comprar un pin en: <\/p>\n\n\n\n<p><span class=\"post-content__span\"> \u25cf Banco Popular (Cuenta de ahorros n\u00famero 47000624-8, a nombre de la Universidad Tecnol\u00f3gica de Pereira.)<\/p>\n\n\n\n<p><span class=\"post-content__span\"> \u25cf En la Cooperativa Favi que se encuentra ubicada en la Universidad Tecnol\u00f3gica de Pereira. \u25cf O Haciendo la compra en L\u00cdNEA. <\/p>\n\n\n\n<p><span class=\"post-content__span\"> \u25cf Los pines para las Especializaciones M\u00e9dico Quir\u00fargicas s\u00f3lo se pueden adquirir en L\u00cdNEA.&nbsp;<\/p>\n<\/div>\n<\/div>\n\n\n\n<hr class=\"wp-block-separator has-text-color has-alpha-channel-opacity has-background\" style=\"background-color:#fabb00;color:#fabb00\"\/>\n\n\n\n<div class=\"wp-block-columns is-layout-flex wp-container-core-columns-is-layout-9d6595d7 wp-block-columns-is-layout-flex\">\n<div class=\"wp-block-column is-vertically-aligned-center is-layout-flow wp-block-column-is-layout-flow\">\n<p><span class=\"post-content__span\"> Ingresar a la p\u00e1gina web <a rel=\"noreferrer noopener\" href=\"http:\/\/www.utp.edu.co\/inscripciones\" target=\"_blank\">www.utp.edu.co\/inscripciones<\/a> Paso No. 1 (Programas de Posgrado) y diligenciar el formulario de inscripci\u00f3n.&nbsp;<\/p>\n<\/div>\n\n\n\n<div class=\"wp-block-column is-layout-flow wp-block-column-is-layout-flow\">\n<div class=\"wp-block-columns is-layout-flex wp-container-core-columns-is-layout-9d6595d7 wp-block-columns-is-layout-flex\">\n<div class=\"wp-block-column is-vertically-aligned-top is-layout-flow wp-block-column-is-layout-flow\">\n<p class=\"has-medium-font-size\"><strong>Consultar <a href=\"http:\/\/app4.utp.edu.co\/MatAcad\/inscripcionesUTP\/estadoAdm.php\" target=\"_blank\" rel=\"noreferrer noopener\">resultados<\/a><\/strong><\/p>\n<\/div>\n\n\n\n<div class=\"wp-block-column is-layout-flow wp-block-column-is-layout-flow\">\n<figure class=\"wp-block-image size-full\"><img loading=\"lazy\" decoding=\"async\" width=\"1080\" height=\"1080\" src=\"https:\/\/media2.utp.edu.co\/programas\/106\/Diseno-sin-titulo-1.png\" alt=\"\" class=\"wp-image-10806\"\/><\/figure>\n<\/div>\n<\/div>\n<\/div>\n<\/div>\n\n\n\n<hr class=\"wp-block-separator has-text-color has-alpha-channel-opacity has-background\" style=\"background-color:#003b6f;color:#003b6f\"\/>\n\n\n\n<div class=\"wp-block-columns is-layout-flex wp-container-core-columns-is-layout-9d6595d7 wp-block-columns-is-layout-flex\">\n<div class=\"wp-block-column is-layout-flow wp-block-column-is-layout-flow\">\n<div class=\"wp-block-columns is-layout-flex wp-container-core-columns-is-layout-9d6595d7 wp-block-columns-is-layout-flex\">\n<div class=\"wp-block-column is-layout-flow wp-block-column-is-layout-flow\">\n<figure class=\"wp-block-image size-full\"><img loading=\"lazy\" decoding=\"async\" width=\"1080\" height=\"1080\" src=\"https:\/\/media2.utp.edu.co\/programas\/106\/Diseno-sin-titulo-2.png\" alt=\"\" class=\"wp-image-10807\"\/><\/figure>\n<\/div>\n\n\n\n<div class=\"wp-block-column is-layout-flow wp-block-column-is-layout-flow\">\n<p class=\"has-medium-font-size\"><strong>Ingresar <a href=\"http:\/\/app4.utp.edu.co\/MatAcad\/inscripcionesUTP\/estadoAdmDig.php\" target=\"_blank\" rel=\"noreferrer noopener\">documentos<\/a><\/strong><\/p>\n<\/div>\n<\/div>\n<\/div>\n\n\n\n<div class=\"wp-block-column is-vertically-aligned-center is-layout-flow wp-block-column-is-layout-flow\">\n<p><span class=\"post-content__span\"> Ingresar a la p\u00e1gina web <a href=\"http:\/\/www.utp.edu.co\/inscripciones\" target=\"_blank\" rel=\"noreferrer noopener\">www.utp.edu.co\/inscripciones<\/a> paso No 3 (ingresar documentos) con su PIN de inscripci\u00f3n y documento de identidad y cargar los documentos que son requisito de inscripci\u00f3n.&nbsp;<\/p>\n<\/div>\n<\/div>\n\n\n\n<hr class=\"wp-block-separator has-text-color has-alpha-channel-opacity has-background\" style=\"background-color:#fabb00;color:#fabb00\"\/>\n\n\n\n<div class=\"wp-block-columns is-layout-flex wp-container-core-columns-is-layout-9d6595d7 wp-block-columns-is-layout-flex\">\n<div class=\"wp-block-column is-vertically-aligned-center is-layout-flow wp-block-column-is-layout-flow\">\n<p><span class=\"post-content__span\"> Despu\u00e9s de recibir la notificaci\u00f3n de admisi\u00f3n al programa, podr\u00e1s descargar el comprobante de pago.<\/p>\n<\/div>\n\n\n\n<div class=\"wp-block-column is-layout-flow wp-block-column-is-layout-flow\">\n<div class=\"wp-block-columns is-layout-flex wp-container-core-columns-is-layout-9d6595d7 wp-block-columns-is-layout-flex\">\n<div class=\"wp-block-column is-layout-flow wp-block-column-is-layout-flow\">\n<p class=\"has-medium-font-size\"><strong>Descargar <a href=\"http:\/\/app4.utp.edu.co\/pagos\/recibos\/indexPrim.php\" target=\"_blank\" rel=\"noreferrer noopener\">recibo de pago<\/a><\/strong><\/p>\n<\/div>\n\n\n\n<div class=\"wp-block-column is-layout-flow wp-block-column-is-layout-flow\">\n<figure class=\"wp-block-image size-full\"><img loading=\"lazy\" decoding=\"async\" width=\"1080\" height=\"1080\" src=\"https:\/\/media2.utp.edu.co\/programas\/106\/Diseno-sin-titulo-3.png\" alt=\"\" class=\"wp-image-10808\"\/><\/figure>\n<\/div>\n<\/div>\n<\/div>\n<\/div>\n\n\n\n<p><span class=\"post-content__span\"> <a href=\"https:\/\/media2.utp.edu.co\/archivos\/Preguntas%20Frecuentes%20Posgrado%202021.pdf\"><strong>Preguntas Frecuentes <\/strong><\/a><\/p>\n\n\n\n<p><span class=\"post-content__span\"> <\/p>\n\n\n\n<p><span class=\"post-content__span\"> <\/p>\n","protected":false},"excerpt":{"rendered":"<p>\u00bfC\u00f3mo se realiza la inscripci\u00f3n?&nbsp; Realizar inscripci\u00f3n Desde cualquier parte del pa\u00eds donde se encuentre el aspirante, debe tener en cuenta:&nbsp; 1. Comprar un pin en: \u25cf Banco Popular (Cuenta [&#8230;]<\/p>\n","protected":false},"author":1,"featured_media":0,"parent":0,"menu_order":0,"comment_status":"closed","ping_status":"closed","template":"","meta":{"footnotes":""},"class_list":["post-10032","page","type-page","status-publish","hentry"],"_links":{"self":[{"href":"https:\/\/industrial.utp.edu.co\/maestria-investigacion-operativa\/wp-json\/wp\/v2\/pages\/10032","targetHints":{"allow":["GET"]}}],"collection":[{"href":"https:\/\/industrial.utp.edu.co\/maestria-investigacion-operativa\/wp-json\/wp\/v2\/pages"}],"about":[{"href":"https:\/\/industrial.utp.edu.co\/maestria-investigacion-operativa\/wp-json\/wp\/v2\/types\/page"}],"author":[{"embeddable":true,"href":"https:\/\/industrial.utp.edu.co\/maestria-investigacion-operativa\/wp-json\/wp\/v2\/users\/1"}],"replies":[{"embeddable":true,"href":"https:\/\/industrial.utp.edu.co\/maestria-investigacion-operativa\/wp-json\/wp\/v2\/comments?post=10032"}],"version-history":[{"count":5,"href":"https:\/\/industrial.utp.edu.co\/maestria-investigacion-operativa\/wp-json\/wp\/v2\/pages\/10032\/revisions"}],"predecessor-version":[{"id":10925,"href":"https:\/\/industrial.utp.edu.co\/maestria-investigacion-operativa\/wp-json\/wp\/v2\/pages\/10032\/revisions\/10925"}],"wp:attachment":[{"href":"https:\/\/industrial.utp.edu.co\/maestria-investigacion-operativa\/wp-json\/wp\/v2\/media?parent=10032"}],"curies":[{"name":"wp","href":"https:\/\/api.w.org\/{rel}","templated":true}]}}