{"id":10030,"date":"2022-08-10T09:43:55","date_gmt":"2022-08-10T14:43:55","guid":{"rendered":"https:\/\/basicas.utp.edu.co\/matematicas\/?page_id=10030"},"modified":"2024-01-26T18:18:28","modified_gmt":"2024-01-26T23:18:28","slug":"inversion-y-financiacion","status":"publish","type":"page","link":"https:\/\/industrial.utp.edu.co\/especializacion-gestion-calidad\/inversion-y-financiacion\/","title":{"rendered":"Inversi\u00f3n y Financiaci\u00f3n"},"content":{"rendered":"\n<div class=\"wp-block-columns are-vertically-aligned-center is-layout-flex wp-container-core-columns-is-layout-9d6595d7 wp-block-columns-is-layout-flex\">\n<div class=\"wp-block-column is-layout-flow wp-block-column-is-layout-flow\"><\/div>\n\n\n\n<div class=\"wp-block-column is-layout-flow wp-block-column-is-layout-flow\"><\/div>\n<\/div>\n\n\n\n<p class=\"has-large-font-size\"><strong>Inversi\u00f3n<\/strong><\/p>\n\n\n\n<details class=\"wp-block-details is-layout-flow wp-block-details-is-layout-flow\" open><summary><strong>Costo de Inscripci\u00f3n<\/strong><\/summary>\n<p><span class=\"post-content__span\"> <br>0.25 SMMLV<br><\/p>\n<\/details>\n\n\n\n<details class=\"wp-block-details is-layout-flow wp-block-details-is-layout-flow\" open><summary><strong>Costo Matr\u00edcula por Semestre<\/strong><\/summary>\n<p><span class=\"post-content__span\"> 7 SMMLV<\/p>\n<\/details>\n\n\n\n<p class=\"has-large-font-size\"><strong>Financiaci\u00f3n<\/strong><\/p>\n\n\n\n<details class=\"wp-block-details is-layout-flow wp-block-details-is-layout-flow\" open><summary><strong>Fondo de Empleados\u00a0para\u00a0la Asistencia Social de la Universidad Tecnol\u00f3gica de Pereira \u2013\u00a0FASUT<\/strong><\/summary>\n<p><span class=\"post-content__span\"> <strong>Contacto:<\/strong>&nbsp;Marcela Duran 302 2911311<br>e-mail:&nbsp;<a rel=\"noreferrer noopener\" href=\"https:\/\/ehajajg.r.af.d.sendibt2.com\/tr\/cl\/Me3rDJwCHCjZFAoGPejzRhDN9RGfKTKmWXylqo8KVY9yq9q2y6Re7PR3V5aopAYeEdYup-LDS-M6oRQT6VpcFgtZjU6-0fhaOVIdGs9GqX9YTiA8d3aCIb_2mbjam-G96jQXkHgmyzoS2rmOF31ZLXSLArpHb5q0mRVyix-00aR2fK22W5Ya9oA1fypY892RVVrtrq-XiJ5QSoUhOiwfbc9WK2m0GL9EyeAEUtUBKV8SovbkQ_EaIb4\" target=\"_blank\">fasutcreditoeducativo@gmail.com<\/a><\/p>\n\n\n\n<p><span class=\"post-content__span\"> Edificio cafeter\u00eda principal de la UTP \u2022&nbsp;<strong>Tel\u00e9fonos:<\/strong>&nbsp;321 0029 \u2013 313 7405 \u2022&nbsp;<strong>Celular \u2013 WhatsApp<\/strong>&nbsp;320 7261247<\/p>\n<\/details>\n\n\n\n<details class=\"wp-block-details is-layout-flow wp-block-details-is-layout-flow\" open><summary><strong>ICETEX<\/strong><\/summary>\n<p><span class=\"post-content__span\"> <strong>Contacto:<\/strong>\u00a0James David Casta\u00f1o &#8211; 320 726 1247<br>e-mail:\u00a0<a href=\"mailto:icetex@utp.edu.co\">icetex@utp.edu.co<\/a><\/p>\n\n\n\n<p><span class=\"post-content__span\"> Bloque \u00abel Galp\u00f3n\u00bb  <strong>Oficina<\/strong> 014<\/p>\n<\/details>\n\n\n\n<p class=\"has-small-font-size\"><a href=\"https:\/\/feriaposgrados.utp.edu.co\/files\/folleto-financiacion.pdf\" target=\"_blank\" rel=\"noreferrer noopener\">M\u00e1s Informaci\u00f3n<\/a><\/p>\n\n\n\n<p class=\"has-large-font-size\"><strong>Descuentos<\/strong><\/p>\n\n\n\n<div class=\"wp-block-media-text is-stacked-on-mobile\"><figure class=\"wp-block-media-text__media\"><img loading=\"lazy\" decoding=\"async\" width=\"1024\" height=\"1024\" src=\"https:\/\/media2.utp.edu.co\/programas\/102\/Instagram-post-2-1024x1024.png\" alt=\"\" class=\"wp-image-10239 size-full\" srcset=\"https:\/\/media2.utp.edu.co\/programas\/102\/Instagram-post-2-1024x1024.png 1024w, https:\/\/media2.utp.edu.co\/programas\/102\/Instagram-post-2-300x300.png 300w, https:\/\/media2.utp.edu.co\/programas\/102\/Instagram-post-2-150x150.png 150w, https:\/\/media2.utp.edu.co\/programas\/102\/Instagram-post-2-768x768.png 768w, https:\/\/media2.utp.edu.co\/programas\/102\/Instagram-post-2.png 1080w\" sizes=\"auto, (max-width: 1024px) 100vw, 1024px\" \/><\/figure><div class=\"wp-block-media-text__content\">\n<p><span class=\"post-content__span\"> <strong>Descuento de egresados:&nbsp;<\/strong>&nbsp;El&nbsp;acuerdo&nbsp;16&nbsp;del&nbsp;12 de Julio de 2013 en&nbsp;el&nbsp;art\u00edculo 1 indica que \u201c\u2026&nbsp;los&nbsp;egresados de la Universidad tendr\u00e1n derecho a&nbsp;un&nbsp;descuento&nbsp;del&nbsp;diez por ciento&nbsp;del&nbsp;valor de la matr\u00edcula financiera&nbsp;en todos&nbsp;los&nbsp;programas de postgrados a&nbsp;los&nbsp;que ingresen seg\u00fan las reglas de selecci\u00f3n previstos en&nbsp;los&nbsp;reglamentos\u201d.\u00ad<\/p>\n\n\n\n<p><span class=\"post-content__span\"> \u00ad<strong>Descuento de votaci\u00f3n:<\/strong><br>&nbsp;La ley 815&nbsp;del&nbsp;7 de Julio de 2003 que establece nuevos est\u00edmulos a&nbsp;los&nbsp;sufragantes en&nbsp;el&nbsp;art\u00edculo 1 dice que \u201c el&nbsp;descuento&nbsp;del&nbsp;diez por ciento (10%) en&nbsp;el&nbsp;valor de la matr\u00edcula&nbsp;a que tiene derecho&nbsp;el&nbsp;estudiante de Instituci\u00f3n Oficial de Educaci\u00f3n Superior, como beneficio por&nbsp;el&nbsp;ejercicio&nbsp;del&nbsp;sufragio, se har\u00e1 efectivo no s\u00f3lo en&nbsp;el&nbsp;per\u00edodo acad\u00e9mico inmediatamente siguiente&nbsp;al&nbsp;ejercicio&nbsp;del&nbsp;sufragio sino en todos&nbsp;los&nbsp;per\u00edodos acad\u00e9micos que tengan lugar hasta las votaciones siguientes en que pueda participar\u201d.<\/p>\n<\/div><\/div>\n","protected":false},"excerpt":{"rendered":"<p>Inversi\u00f3n Financiaci\u00f3n M\u00e1s Informaci\u00f3n Descuentos Descuento de egresados:&nbsp;&nbsp;El&nbsp;acuerdo&nbsp;16&nbsp;del&nbsp;12 de Julio de 2013 en&nbsp;el&nbsp;art\u00edculo 1 indica que \u201c\u2026&nbsp;los&nbsp;egresados de la Universidad tendr\u00e1n derecho a&nbsp;un&nbsp;descuento&nbsp;del&nbsp;diez por ciento&nbsp;del&nbsp;valor de la matr\u00edcula financiera&nbsp;en todos&nbsp;los&nbsp;programas [&#8230;]<\/p>\n","protected":false},"author":105,"featured_media":0,"parent":0,"menu_order":0,"comment_status":"closed","ping_status":"closed","template":"","meta":{"footnotes":""},"class_list":["post-10030","page","type-page","status-publish","hentry"],"_links":{"self":[{"href":"https:\/\/industrial.utp.edu.co\/especializacion-gestion-calidad\/wp-json\/wp\/v2\/pages\/10030","targetHints":{"allow":["GET"]}}],"collection":[{"href":"https:\/\/industrial.utp.edu.co\/especializacion-gestion-calidad\/wp-json\/wp\/v2\/pages"}],"about":[{"href":"https:\/\/industrial.utp.edu.co\/especializacion-gestion-calidad\/wp-json\/wp\/v2\/types\/page"}],"author":[{"embeddable":true,"href":"https:\/\/industrial.utp.edu.co\/especializacion-gestion-calidad\/wp-json\/wp\/v2\/users\/105"}],"replies":[{"embeddable":true,"href":"https:\/\/industrial.utp.edu.co\/especializacion-gestion-calidad\/wp-json\/wp\/v2\/comments?post=10030"}],"version-history":[{"count":4,"href":"https:\/\/industrial.utp.edu.co\/especializacion-gestion-calidad\/wp-json\/wp\/v2\/pages\/10030\/revisions"}],"predecessor-version":[{"id":10258,"href":"https:\/\/industrial.utp.edu.co\/especializacion-gestion-calidad\/wp-json\/wp\/v2\/pages\/10030\/revisions\/10258"}],"wp:attachment":[{"href":"https:\/\/industrial.utp.edu.co\/especializacion-gestion-calidad\/wp-json\/wp\/v2\/media?parent=10030"}],"curies":[{"name":"wp","href":"https:\/\/api.w.org\/{rel}","templated":true}]}}

Inversión y Financiación

<div class="wp-block-columns are-vertically-aligned-center is-layout-flex wp-container-core-columns-is-layout-9d6595d7 wp-block-columns-is-layout-flex">
<div class="wp-block-column is-layout-flow wp-block-column-is-layout-flow"></div>



<div class="wp-block-column is-layout-flow wp-block-column-is-layout-flow"></div>
</div>



<p class="has-large-font-size"><strong>Inversión</strong></p>



<details class="wp-block-details is-layout-flow wp-block-details-is-layout-flow" open><summary><strong>Costo de Inscripción</strong></summary>
<p><span class="post-content__span"> <br>0.25 SMMLV<br></p>
</details>



<details class="wp-block-details is-layout-flow wp-block-details-is-layout-flow" open><summary><strong>Costo Matrícula por Semestre</strong></summary>
<p><span class="post-content__span"> 7 SMMLV</p>
</details>



<p class="has-large-font-size"><strong>Financiación</strong></p>



<details class="wp-block-details is-layout-flow wp-block-details-is-layout-flow" open><summary><strong>Fondo de Empleados para la Asistencia Social de la Universidad Tecnológica de Pereira – FASUT</strong></summary>
<p><span class="post-content__span"> <strong>Contacto:</strong>&nbsp;Marcela Duran 302 2911311<br>e-mail:&nbsp;<a rel="noreferrer noopener" href="https://ehajajg.r.af.d.sendibt2.com/tr/cl/Me3rDJwCHCjZFAoGPejzRhDN9RGfKTKmWXylqo8KVY9yq9q2y6Re7PR3V5aopAYeEdYup-LDS-M6oRQT6VpcFgtZjU6-0fhaOVIdGs9GqX9YTiA8d3aCIb_2mbjam-G96jQXkHgmyzoS2rmOF31ZLXSLArpHb5q0mRVyix-00aR2fK22W5Ya9oA1fypY892RVVrtrq-XiJ5QSoUhOiwfbc9WK2m0GL9EyeAEUtUBKV8SovbkQ_EaIb4" target="_blank">fasutcreditoeducativo@gmail.com</a></p>



<p><span class="post-content__span"> Edificio cafetería principal de la UTP •&nbsp;<strong>Teléfonos:</strong>&nbsp;321 0029 – 313 7405 •&nbsp;<strong>Celular – WhatsApp</strong>&nbsp;320 7261247</p>
</details>



<details class="wp-block-details is-layout-flow wp-block-details-is-layout-flow" open><summary><strong>ICETEX</strong></summary>
<p><span class="post-content__span"> <strong>Contacto:</strong> James David Castaño &#8211; 320 726 1247<br>e-mail: <a href="mailto:icetex@utp.edu.co">icetex@utp.edu.co</a></p>



<p><span class="post-content__span"> Bloque «el Galpón»  <strong>Oficina</strong> 014</p>
</details>



<p class="has-small-font-size"><a href="https://feriaposgrados.utp.edu.co/files/folleto-financiacion.pdf" target="_blank" rel="noreferrer noopener">Más Información</a></p>



<p class="has-large-font-size"><strong>Descuentos</strong></p>



<div class="wp-block-media-text is-stacked-on-mobile"><figure class="wp-block-media-text__media"><img loading="lazy" decoding="async" width="1024" height="1024" src="https://media2.utp.edu.co/programas/102/Instagram-post-2-1024x1024.png" alt="" class="wp-image-10239 size-full" srcset="https://media2.utp.edu.co/programas/102/Instagram-post-2-1024x1024.png 1024w, https://media2.utp.edu.co/programas/102/Instagram-post-2-300x300.png 300w, https://media2.utp.edu.co/programas/102/Instagram-post-2-150x150.png 150w, https://media2.utp.edu.co/programas/102/Instagram-post-2-768x768.png 768w, https://media2.utp.edu.co/programas/102/Instagram-post-2.png 1080w" sizes="auto, (max-width: 1024px) 100vw, 1024px" /></figure><div class="wp-block-media-text__content">
<p><span class="post-content__span"> <strong>Descuento de egresados:&nbsp;</strong>&nbsp;El&nbsp;acuerdo&nbsp;16&nbsp;del&nbsp;12 de Julio de 2013 en&nbsp;el&nbsp;artículo 1 indica que “…&nbsp;los&nbsp;egresados de la Universidad tendrán derecho a&nbsp;un&nbsp;descuento&nbsp;del&nbsp;diez por ciento&nbsp;del&nbsp;valor de la matrícula financiera&nbsp;en todos&nbsp;los&nbsp;programas de postgrados a&nbsp;los&nbsp;que ingresen según las reglas de selección previstos en&nbsp;los&nbsp;reglamentos”.­</p>



<p><span class="post-content__span"> ­<strong>Descuento de votación:</strong><br>&nbsp;La ley 815&nbsp;del&nbsp;7 de Julio de 2003 que establece nuevos estímulos a&nbsp;los&nbsp;sufragantes en&nbsp;el&nbsp;artículo 1 dice que “ el&nbsp;descuento&nbsp;del&nbsp;diez por ciento (10%) en&nbsp;el&nbsp;valor de la matrícula&nbsp;a que tiene derecho&nbsp;el&nbsp;estudiante de Institución Oficial de Educación Superior, como beneficio por&nbsp;el&nbsp;ejercicio&nbsp;del&nbsp;sufragio, se hará efectivo no sólo en&nbsp;el&nbsp;período académico inmediatamente siguiente&nbsp;al&nbsp;ejercicio&nbsp;del&nbsp;sufragio sino en todos&nbsp;los&nbsp;períodos académicos que tengan lugar hasta las votaciones siguientes en que pueda participar”.</p>
</div></div>

<p>Inversión Financiación Más Información Descuentos Descuento de egresados:&nbsp;&nbsp;El&nbsp;acuerdo&nbsp;16&nbsp;del&nbsp;12 de Julio de 2013 en&nbsp;el&nbsp;artículo 1 indica que “…&nbsp;los&nbsp;egresados de la Universidad tendrán derecho a&nbsp;un&nbsp;descuento&nbsp;del&nbsp;diez por ciento&nbsp;del&nbsp;valor de la matrícula financiera&nbsp;en todos&nbsp;los&nbsp;programas [&#8230;]</p>
