{"id":16,"date":"2025-01-29T09:46:26","date_gmt":"2025-01-29T14:46:26","guid":{"rendered":"https:\/\/industrial.utp.edu.co\/especializacion-analitica-ciencia-datos-aplicada\/?page_id=16"},"modified":"2025-01-30T17:26:50","modified_gmt":"2025-01-30T22:26:50","slug":"inversion-y-financiacion","status":"publish","type":"page","link":"https:\/\/industrial.utp.edu.co\/especializacion-analitica-ciencia-datos-aplicada\/inversion-y-financiacion\/","title":{"rendered":"Inversi\u00f3n y Financiaci\u00f3n"},"content":{"rendered":"\n<h2 class=\"wp-block-heading has-white-color has-text-color has-background has-link-color wp-elements-79e2c35a8e5f233fe71b455abbae0721\" style=\"background:linear-gradient(135deg,rgb(0,59,111) 1%,rgb(0,59,111) 46%,rgba(255,255,255,0) 99%)\">INVERSI\u00d3N<\/h2>\n\n\n<div class=\"wp-block-image\">\n<figure class=\"aligncenter size-full is-resized\"><img loading=\"lazy\" decoding=\"async\" width=\"1024\" height=\"768\" src=\"https:\/\/media2.utp.edu.co\/programas\/131\/Inversion.jpg\" alt=\"\" class=\"wp-image-130\" style=\"width:647px;height:auto\" \/><\/figure>\n<\/div>\n\n\n<hr class=\"wp-block-separator has-text-color has-alpha-channel-opacity has-background\" style=\"background-color:#003b6f;color:#003b6f\" \/>\n\n\n\n<p class=\"has-white-color has-text-color has-background has-link-color wp-elements-853106e99737861d017fd02d0605f927\" style=\"background:linear-gradient(135deg,rgb(0,47,112) 0%,rgb(0,59,111) 40%,rgb(255,255,255) 100%);font-size:28px;font-style:normal;font-weight:400\"><strong>DESCUENTOS<\/strong><\/p>\n\n\n\n<ul class=\"wp-block-list\">\n<li><strong>Descuento de egresados:&nbsp;<\/strong><\/li>\n<\/ul>\n\n\n\n<p><span class=\"post-content__span\"> &nbsp;El&nbsp;acuerdo&nbsp;16&nbsp;del&nbsp;12 de Julio de 2013 en&nbsp;el&nbsp;art\u00edculo 1 indica que \u201c\u2026&nbsp;los&nbsp;egresados de la Universidad tendr\u00e1n derecho a&nbsp;un&nbsp;descuento&nbsp;del&nbsp;10%&nbsp;del&nbsp;valor de la matr\u00edcula financiera&nbsp;en todos&nbsp;los&nbsp;programas de postgrados a&nbsp;los&nbsp;que ingresen seg\u00fan las reglas de selecci\u00f3n previstos en&nbsp;los&nbsp;reglamentos\u201d.<\/p>\n\n\n\n<ul class=\"wp-block-list\">\n<li>\u00ad<strong>Descuento de votaci\u00f3n:<\/strong><\/li>\n<\/ul>\n\n\n\n<p><span class=\"post-content__span\"> La ley 815&nbsp;del&nbsp;7 de Julio de 2003 que establece nuevos est\u00edmulos a&nbsp;los&nbsp;sufragantes en&nbsp;el&nbsp;art\u00edculo 1 dice que \u201c el&nbsp;descuento&nbsp;del&nbsp;diez por ciento (10%) en&nbsp;el&nbsp;valor de la matr\u00edcula&nbsp;a que tiene derecho&nbsp;el&nbsp;estudiante de Instituci\u00f3n Oficial de Educaci\u00f3n Superior, como beneficio por&nbsp;el&nbsp;ejercicio&nbsp;del&nbsp;sufragio, se har\u00e1 efectivo no s\u00f3lo en&nbsp;el&nbsp;per\u00edodo acad\u00e9mico inmediatamente siguiente&nbsp;al&nbsp;ejercicio&nbsp;del&nbsp;sufragio sino en todos&nbsp;los&nbsp;per\u00edodos acad\u00e9micos que tengan lugar hasta las votaciones siguientes en que pueda participar\u201d.<\/p>\n\n\n\n<hr class=\"wp-block-separator has-text-color has-alpha-channel-opacity has-background\" style=\"background-color:#fabb00;color:#fabb00\" \/>\n\n\n\n<h2 class=\"wp-block-heading has-white-color has-text-color has-background has-link-color wp-elements-c76440ccf3752316379a8a8a46b80076\" style=\"background:linear-gradient(135deg,rgb(0,59,111) 1%,rgb(0,59,111) 42%,rgba(255,255,255,0) 100%)\">FINANCIACI\u00d3N<\/h2>\n\n\n\n<p><span class=\"post-content__span\"> <strong>Fondo de Empleados&nbsp;para&nbsp;la Asistencia Social de la Universidad Tecnol\u00f3gica de Pereira \u2013&nbsp;FASUT<\/strong><\/p>\n\n\n\n<p><span class=\"post-content__span\"> <strong>Cr\u00e9dito EDUCATIVO FASUT Posgrado<\/strong><\/p>\n\n\n\n<p><span class=\"post-content__span\"> Financia especializaci\u00f3n, maestr\u00edas, doctorados<\/p>\n\n\n\n<ul class=\"wp-block-list\">\n<li>Financiamos hasta el 100% del valor de matr\u00edcula.<\/li>\n<\/ul>\n\n\n\n<p><span class=\"post-content__span\"> <strong>L\u00edneas de Cr\u00e9dito:<\/strong><\/p>\n\n\n\n<ul class=\"wp-block-list\">\n<li>9 cuotas 0.5 % inter\u00e9s<\/li>\n\n\n\n<li>12 cuotas 0.75% inter\u00e9s<\/li>\n\n\n\n<li>15 cuotas 1% inter\u00e9s<\/li>\n<\/ul>\n\n\n\n<p><span class=\"post-content__span\"> <strong>Del valor a financiar<\/strong>:<\/p>\n\n\n\n<ul class=\"wp-block-list\">\n<li>Se debe cancelar el seguro del cr\u00e9dito, monto seg\u00fan el valor a financiar. para poder legalizar el cr\u00e9dito.<\/li>\n<\/ul>\n\n\n\n<ul class=\"wp-block-list\">\n<li>Debes estar admitido en la universidad.<\/li>\n<\/ul>\n\n\n\n<p><span class=\"post-content__span\"> \ud83d\ude4b\ud83c\udffc Necesitas un codeudor para realizar la solicitud de cr\u00e9dito.<\/p>\n\n\n\n<ul class=\"wp-block-list\">\n<li>Estudio de cr\u00e9dito y legalizaci\u00f3n en menos de 24 horas.<\/li>\n<\/ul>\n\n\n\n<p><span class=\"post-content__span\"> <strong>Requisitos:<\/strong><\/p>\n\n\n\n<p><span class=\"post-content__span\"> <a href=\"https:\/\/fasut.utp.edu.co\/credito-educativo\/credito-educativo-2\/\">https:\/\/fasut.utp.edu.co\/credito-educativo\/credito-educativo-2\/<\/a><\/p>\n\n\n\n<p><span class=\"post-content__span\"> \ud83d\udc69\ud83c\udffd\u200d\ud83d\udcbc<strong>Contacto<\/strong><br>Marcela Duran<\/p>\n\n\n\n<p><span class=\"post-content__span\"> <strong>Correo<\/strong>: fasutcreditoeducativo@gmail.com<\/p>\n\n\n\n<p><span class=\"post-content__span\"> <strong>WhatsApp<\/strong>: 30207261247<\/p>\n\n\n\n<p><span class=\"post-content__span\"> <strong>Tel\u00e9fono<\/strong>: 3137405<\/p>\n\n\n\n<p><span class=\"post-content__span\"> <strong>Oficina 014<\/strong>: Bloque el Galp\u00f3n<\/p>\n\n\n\n<hr class=\"wp-block-separator has-alpha-channel-opacity\" \/>\n\n\n\n<p><span class=\"post-content__span\"> <strong>ICETEX<\/strong><\/p>\n\n\n\n<p><span class=\"post-content__span\"> <strong>Cr\u00e9dito ICETEX Posgrado<\/strong><\/p>\n\n\n\n<p><span class=\"post-content__span\"> Financia especializaci\u00f3n, maestr\u00edas, doctorados<\/p>\n\n\n\n<ul class=\"wp-block-list\">\n<li>Para posgrado solo existe la l\u00ednea del 20%, Pagar\u00e1s el 20% del valor financiado mientras estudias, al finalizar el programa tendr\u00e1s hasta el doble del tiempo estudiado para pagar el 80% restante.<\/li>\n\n\n\n<li>Para las l\u00edneas de posgrados Medicina existe la l\u00ednea del 0%, esto quiere decir que empezar\u00eda al pagar el cr\u00e9dito al finalizar su etapa acad\u00e9mica<\/li>\n<\/ul>\n\n\n\n<p><span class=\"post-content__span\"> <\/p>\n\n\n\n<p><span class=\"post-content__span\"> Puedes realizar la Solicitud con Codeudor o sin Codeudor.<\/p>\n\n\n\n<p><span class=\"post-content__span\"> Debes estar admitido en la universidad.<\/p>\n\n\n\n<p><span class=\"post-content__span\"> \u26a0 En ocasiones todo el proceso puede tardar hasta +20d\u00edas.<\/p>\n\n\n\n<p><span class=\"post-content__span\"> \ud83c\udf10 Todo el proceso es 100% virtual.<\/p>\n\n\n\n<p><span class=\"post-content__span\"> <strong>Informaci\u00f3n<\/strong><br><a href=\"https:\/\/web.icetex.gov.co\/web\/portal\/creditos\/tu-eliges\/posgrado-pais-o-exterior\">https:\/\/web.icetex.gov.co\/web\/portal\/creditos\/tu-eliges\/posgrado-pais-o-exterior<\/a><\/p>\n\n\n\n<p><span class=\"post-content__span\"> \ud83d\udc68\ud83c\udffd\u200d\ud83d\udcbc<strong>Contacto<\/strong><br>David Casta\u00f1o<\/p>\n\n\n\n<p><span class=\"post-content__span\"> <strong>Correo<\/strong>: icetex@utp.edu.co<\/p>\n\n\n\n<p><span class=\"post-content__span\"> <strong>WhatsApp<\/strong>: 30207261247<\/p>\n\n\n\n<p><span class=\"post-content__span\"> <strong>Tel\u00e9fono<\/strong>: 3137405<\/p>\n\n\n\n<p><span class=\"post-content__span\"> <strong>Oficina 014: <\/strong>Bloque el Galp\u00f3n<\/p>\n\n\n\n<figure class=\"wp-block-gallery has-nested-images columns-default is-cropped wp-block-gallery-1 is-layout-flex wp-block-gallery-is-layout-flex\">\n<figure class=\"wp-block-image size-large\"><img decoding=\"async\" data-id=\"10840\" src=\"https:\/\/media2.utp.edu.co\/programas\/106\/Credito-educativo.png\" alt=\"\" class=\"wp-image-10840\" \/><\/figure>\n<\/figure>\n\n\n\n<p><span class=\"post-content__span\"> <\/p>\n\n\n\n<p><span class=\"post-content__span\"> <\/p>\n","protected":false},"excerpt":{"rendered":"<p>INVERSI\u00d3N DESCUENTOS &nbsp;El&nbsp;acuerdo&nbsp;16&nbsp;del&nbsp;12 de Julio de 2013 en&nbsp;el&nbsp;art\u00edculo 1 indica que \u201c\u2026&nbsp;los&nbsp;egresados de la Universidad tendr\u00e1n derecho a&nbsp;un&nbsp;descuento&nbsp;del&nbsp;10%&nbsp;del&nbsp;valor de la matr\u00edcula financiera&nbsp;en todos&nbsp;los&nbsp;programas de postgrados a&nbsp;los&nbsp;que ingresen seg\u00fan las reglas [&#8230;]<\/p>\n","protected":false},"author":1,"featured_media":0,"parent":0,"menu_order":0,"comment_status":"closed","ping_status":"closed","template":"","meta":{"footnotes":""},"class_list":["post-16","page","type-page","status-publish","hentry"],"_links":{"self":[{"href":"https:\/\/industrial.utp.edu.co\/especializacion-analitica-ciencia-datos-aplicada\/wp-json\/wp\/v2\/pages\/16","targetHints":{"allow":["GET"]}}],"collection":[{"href":"https:\/\/industrial.utp.edu.co\/especializacion-analitica-ciencia-datos-aplicada\/wp-json\/wp\/v2\/pages"}],"about":[{"href":"https:\/\/industrial.utp.edu.co\/especializacion-analitica-ciencia-datos-aplicada\/wp-json\/wp\/v2\/types\/page"}],"author":[{"embeddable":true,"href":"https:\/\/industrial.utp.edu.co\/especializacion-analitica-ciencia-datos-aplicada\/wp-json\/wp\/v2\/users\/1"}],"replies":[{"embeddable":true,"href":"https:\/\/industrial.utp.edu.co\/especializacion-analitica-ciencia-datos-aplicada\/wp-json\/wp\/v2\/comments?post=16"}],"version-history":[{"count":6,"href":"https:\/\/industrial.utp.edu.co\/especializacion-analitica-ciencia-datos-aplicada\/wp-json\/wp\/v2\/pages\/16\/revisions"}],"predecessor-version":[{"id":132,"href":"https:\/\/industrial.utp.edu.co\/especializacion-analitica-ciencia-datos-aplicada\/wp-json\/wp\/v2\/pages\/16\/revisions\/132"}],"wp:attachment":[{"href":"https:\/\/industrial.utp.edu.co\/especializacion-analitica-ciencia-datos-aplicada\/wp-json\/wp\/v2\/media?parent=16"}],"curies":[{"name":"wp","href":"https:\/\/api.w.org\/{rel}","templated":true}]}}